{"id":276,"date":"2023-06-22T11:14:31","date_gmt":"2023-06-22T14:14:31","guid":{"rendered":"https:\/\/cineyaudiovisual.unam.edu.ar\/?page_id=276"},"modified":"2024-04-09T07:50:59","modified_gmt":"2024-04-09T10:50:59","slug":"proyectos-2","status":"publish","type":"page","link":"https:\/\/cineyaudiovisual.unam.edu.ar\/index.php\/proyectos-2\/","title":{"rendered":"Actividades"},"content":{"rendered":"\n<div class=\"wp-block-group alignfull has-background has-global-padding is-layout-constrained wp-block-group-is-layout-constrained\" style=\"background-color:#e5e9ec\">\n<div class=\"wp-block-columns is-layout-flex wp-container-core-columns-is-layout-28f84493 wp-block-columns-is-layout-flex\">\n<div class=\"wp-block-column is-vertically-aligned-center is-layout-flow wp-block-column-is-layout-flow\">\n<h3 class=\"wp-block-heading has-medium-font-size\" style=\"letter-spacing:1px\">Festival Internacional de Cortometrajes: Ober\u00e1 en cortos, por la identidad y diversidad cultural<\/h3>\n\n\n\n<p class=\"has-black-color has-text-color has-medium-font-size\">Festival de cine coorganizado por la Facultad de Artes de Ober\u00e1, la Municipalidad de Ober\u00e1, el Instituto de Artes Audiovisuales de Misiones y la Universidad Nacional de Misiones. El festival mas importante de la regi\u00f3n como mas 20 a\u00f1os de historia.<\/p>\n\n\n\n<p class=\"has-medium-font-size\"><a href=\"https:\/\/www.oberaencortos.ar\/\" target=\"_blank\" rel=\"noreferrer noopener\">https:\/\/www.oberaencortos.ar\/<\/a><\/p>\n<\/div>\n\n\n\n<div class=\"wp-block-column is-layout-flow wp-block-column-is-layout-flow\">\n<div style=\"height:48px\" aria-hidden=\"true\" class=\"wp-block-spacer\"><\/div>\n\n\n\n<figure class=\"wp-block-image size-large\"><img loading=\"lazy\" decoding=\"async\" width=\"1024\" height=\"614\" src=\"https:\/\/cineyaudiovisual.unam.edu.ar\/wp-content\/uploads\/2023\/06\/cropped-oec2023-1024x614.jpg\" alt=\"\" class=\"wp-image-69\" srcset=\"https:\/\/cineyaudiovisual.unam.edu.ar\/wp-content\/uploads\/2023\/06\/cropped-oec2023-1024x614.jpg 1024w, https:\/\/cineyaudiovisual.unam.edu.ar\/wp-content\/uploads\/2023\/06\/cropped-oec2023-300x180.jpg 300w, https:\/\/cineyaudiovisual.unam.edu.ar\/wp-content\/uploads\/2023\/06\/cropped-oec2023-768x461.jpg 768w, https:\/\/cineyaudiovisual.unam.edu.ar\/wp-content\/uploads\/2023\/06\/cropped-oec2023-1536x922.jpg 1536w, https:\/\/cineyaudiovisual.unam.edu.ar\/wp-content\/uploads\/2023\/06\/cropped-oec2023.jpg 2000w\" sizes=\"auto, (max-width: 1024px) 100vw, 1024px\" \/><\/figure>\n<\/div>\n<\/div>\n<\/div>\n\n\n\n<div class=\"wp-block-group alignfull is-layout-flow wp-block-group-is-layout-flow\">\n<div class=\"wp-block-columns are-vertically-aligned-center is-layout-flex wp-container-core-columns-is-layout-28f84493 wp-block-columns-is-layout-flex\">\n<div class=\"wp-block-column is-vertically-aligned-center is-layout-flow wp-block-column-is-layout-flow\">\n<div style=\"height:48px\" aria-hidden=\"true\" class=\"wp-block-spacer\"><\/div>\n\n\n\n<figure class=\"wp-block-image size-full\"><img loading=\"lazy\" decoding=\"async\" width=\"751\" height=\"580\" src=\"https:\/\/cineyaudiovisual.unam.edu.ar\/wp-content\/uploads\/2023\/06\/Captura-de-pantalla-de-2023-06-21-09-12-31.png\" alt=\"\" class=\"wp-image-107\" srcset=\"https:\/\/cineyaudiovisual.unam.edu.ar\/wp-content\/uploads\/2023\/06\/Captura-de-pantalla-de-2023-06-21-09-12-31.png 751w, https:\/\/cineyaudiovisual.unam.edu.ar\/wp-content\/uploads\/2023\/06\/Captura-de-pantalla-de-2023-06-21-09-12-31-300x232.png 300w\" sizes=\"auto, (max-width: 751px) 100vw, 751px\" \/><\/figure>\n<\/div>\n\n\n\n<div class=\"wp-block-column is-vertically-aligned-center is-layout-flow wp-block-column-is-layout-flow\">\n<p class=\"has-black-color has-text-color has-medium-font-size\"><strong><strong>Taller de fortalecimiento interno<\/strong><\/strong>: <strong>\u201cConcursos, convocatorias y desarrollo de proyectos \u201c&nbsp;<\/strong><\/p>\n\n\n\n<p class=\"has-black-color has-text-color has-medium-font-size\">El objetivo del taller es trabajar sobre estrategias, visualizar las lineas de fomento y financiamiento que&nbsp; existen para la presentaci\u00f3n de proyectos.&nbsp;<\/p>\n\n\n\n<p class=\"has-black-color has-text-color has-medium-font-size\">Hacer un balance y diagnostico sobre las realidades de cada \u00e1rea, sector o programa, y re pensar&nbsp; estrategias para la concreci\u00f3n de proyectos.&nbsp;<\/p>\n\n\n\n<p class=\"has-black-color has-text-color has-medium-font-size\">Visualizar ejemplos de convocatorias ganadoras o seleccionadas en diferentes concursos.&nbsp;<\/p>\n<\/div>\n<\/div>\n<\/div>\n\n\n\n<div class=\"wp-block-cover alignfull has-parallax is-position-center-center\" style=\"min-height:375px;aspect-ratio:unset;\"><span aria-hidden=\"true\" class=\"wp-block-cover__background has-white-background-color has-background-dim-0 has-background-dim\"><\/span><div class=\"wp-block-cover__image-background wp-image-109 has-parallax\" style=\"background-position:50% 50%;background-image:url(https:\/\/cineyaudiovisual.unam.edu.ar\/wp-content\/uploads\/2023\/06\/Captura-de-pantalla-de-2023-06-21-09-13-12.png)\"><\/div><div class=\"wp-block-cover__inner-container is-layout-flow wp-block-cover-is-layout-flow\">\n<h3 class=\"wp-block-heading has-text-align-center has-white-color has-text-color\" style=\"font-size:clamp(16.834px, 1.052rem + ((1vw - 3.2px) * 0.955), 26px);letter-spacing:1px;text-transform:uppercase\"><strong>Foro de intercambio con estudiantes del NEA-Brasil-Paraguay<\/strong><\/h3>\n\n\n\n<p class=\"has-text-align-center has-white-color has-text-color has-medium-font-size\">Estamos planificando el primer foro de intercambio de experiencias de estudiantes de cine y audiovisual del NEA Argentino, Sur de Brasil y Paraguay, este encuentro reunir\u00e1 a estudiantes y docentes de diferentes casas de estudio de nuestra regi\u00f3n.<\/p>\n<\/div><\/div>\n\n\n\n<div class=\"wp-block-group alignfull has-background is-layout-flow wp-block-group-is-layout-flow\" style=\"background-color:#e5e9ec\">\n<div class=\"wp-block-columns is-layout-flex wp-container-core-columns-is-layout-28f84493 wp-block-columns-is-layout-flex\">\n<div class=\"wp-block-column is-vertically-aligned-center is-layout-flow wp-block-column-is-layout-flow\">\n<p class=\"has-black-color has-text-color has-medium-font-size\"><strong>Taller para desarrollo de proyectos<\/strong>: <strong>\u201cAbordaje de la memoria en el proceso cinematogr\u00e1fico: la investigaci\u00f3n y narraci\u00f3n a partir de&nbsp; archivos\u201d&nbsp;<\/strong><\/p>\n\n\n\n<p class=\"has-medium-font-size\">Taller dirigido a estudiantes y\/o profesionales iniciales en el cine y audiovisual, en el que se abordar\u00e1 el&nbsp; estudio y pr\u00e1ctica alrededor del cine autorreferencial, el found footage, el archivo dom\u00e9stico, el&nbsp; documental hist\u00f3rico, cient\u00edfico, el cine pol\u00edtico y social. El taller ser\u00e1 dictado en 3 encuentros presenciales y una modalidad de 1 encuentro virtual para quienes no puedan asistir presencialmente.<\/p>\n\n\n\n<p class=\"has-medium-font-size\">Este taller cuenta con el apoyo del Fondo Nacional de las Artes, Secretar\u00eda de&nbsp; Extensi\u00f3n de la FHyCS, Secretar\u00eda General de Extensi\u00f3n Universitaria y el Instituto de Artes Audiovisuales de Misiones.&nbsp;<\/p>\n<\/div>\n\n\n\n<div class=\"wp-block-column is-layout-flow wp-block-column-is-layout-flow\">\n<div style=\"height:48px\" aria-hidden=\"true\" class=\"wp-block-spacer\"><\/div>\n\n\n\n<figure class=\"wp-block-image size-large\"><img loading=\"lazy\" decoding=\"async\" width=\"768\" height=\"1024\" src=\"https:\/\/cineyaudiovisual.unam.edu.ar\/wp-content\/uploads\/2023\/06\/WhatsApp-Image-2023-05-08-at-8.25.21-AM-768x1024.jpeg\" alt=\"\" class=\"wp-image-173\" srcset=\"https:\/\/cineyaudiovisual.unam.edu.ar\/wp-content\/uploads\/2023\/06\/WhatsApp-Image-2023-05-08-at-8.25.21-AM-768x1024.jpeg 768w, https:\/\/cineyaudiovisual.unam.edu.ar\/wp-content\/uploads\/2023\/06\/WhatsApp-Image-2023-05-08-at-8.25.21-AM-225x300.jpeg 225w, https:\/\/cineyaudiovisual.unam.edu.ar\/wp-content\/uploads\/2023\/06\/WhatsApp-Image-2023-05-08-at-8.25.21-AM-1152x1536.jpeg 1152w, https:\/\/cineyaudiovisual.unam.edu.ar\/wp-content\/uploads\/2023\/06\/WhatsApp-Image-2023-05-08-at-8.25.21-AM-810x1080.jpeg 810w, https:\/\/cineyaudiovisual.unam.edu.ar\/wp-content\/uploads\/2023\/06\/WhatsApp-Image-2023-05-08-at-8.25.21-AM.jpeg 1200w\" sizes=\"auto, (max-width: 768px) 100vw, 768px\" \/><\/figure>\n<\/div>\n<\/div>\n<\/div>\n\n\n\n<div class=\"wp-block-group alignfull is-layout-flow wp-block-group-is-layout-flow\">\n<div class=\"wp-block-columns are-vertically-aligned-center is-layout-flex wp-container-core-columns-is-layout-28f84493 wp-block-columns-is-layout-flex\">\n<div class=\"wp-block-column is-vertically-aligned-center is-layout-flow wp-block-column-is-layout-flow\">\n<div style=\"height:48px\" aria-hidden=\"true\" class=\"wp-block-spacer\"><\/div>\n\n\n\n<figure class=\"wp-block-image size-large\"><img loading=\"lazy\" decoding=\"async\" width=\"1024\" height=\"1024\" src=\"https:\/\/cineyaudiovisual.unam.edu.ar\/wp-content\/uploads\/2023\/06\/WhatsApp-Image-2023-04-24-at-3.50.26-PM-1024x1024.jpeg\" alt=\"\" class=\"wp-image-361\" srcset=\"https:\/\/cineyaudiovisual.unam.edu.ar\/wp-content\/uploads\/2023\/06\/WhatsApp-Image-2023-04-24-at-3.50.26-PM-1024x1024.jpeg 1024w, https:\/\/cineyaudiovisual.unam.edu.ar\/wp-content\/uploads\/2023\/06\/WhatsApp-Image-2023-04-24-at-3.50.26-PM-300x300.jpeg 300w, https:\/\/cineyaudiovisual.unam.edu.ar\/wp-content\/uploads\/2023\/06\/WhatsApp-Image-2023-04-24-at-3.50.26-PM-150x150.jpeg 150w, https:\/\/cineyaudiovisual.unam.edu.ar\/wp-content\/uploads\/2023\/06\/WhatsApp-Image-2023-04-24-at-3.50.26-PM-768x768.jpeg 768w, https:\/\/cineyaudiovisual.unam.edu.ar\/wp-content\/uploads\/2023\/06\/WhatsApp-Image-2023-04-24-at-3.50.26-PM-1536x1536.jpeg 1536w, https:\/\/cineyaudiovisual.unam.edu.ar\/wp-content\/uploads\/2023\/06\/WhatsApp-Image-2023-04-24-at-3.50.26-PM.jpeg 1600w\" sizes=\"auto, (max-width: 1024px) 100vw, 1024px\" \/><\/figure>\n<\/div>\n\n\n\n<div class=\"wp-block-column is-vertically-aligned-center is-layout-flow wp-block-column-is-layout-flow\">\n<p class=\"has-black-color has-text-color has-medium-font-size\"><strong>Ciclo de cine y g\u00e9nero<\/strong>: <strong>\u201cMujeres abriendo caminos\u201d&nbsp;<\/strong><\/p>\n\n\n\n<p class=\"has-black-color has-text-color\">Ciclo de cine sobre tem\u00e1tica de g\u00e9nero, organizado por la SGEU, la Secretar\u00eda de Extensi\u00f3n de la&nbsp; FAyD y el Instituto de Artes Audiovisuales de Misiones.&nbsp;Durante 4 semanas se proyectar\u00e1n cortometrajes y largometrajes que abordad desde diferentes&nbsp; perspectivas y tem\u00e1ticas vinculadas las realidades vividas por mujeres y los colectivos LGBTQ+. <\/p>\n\n\n\n<p class=\"has-black-color has-text-color\">Tanto los cortometrajes como los largometrajes ponen foco en tem\u00e1ticas locales, regionales y&nbsp; nacionales, aportando as\u00ed una perspectiva regional y federal de la tem\u00e1tica del ciclo.&nbsp;<\/p>\n<\/div>\n<\/div>\n<\/div>\n\n\n\n<div class=\"wp-block-cover alignfull has-parallax is-repeated is-position-center-center\" style=\"min-height:375px;aspect-ratio:unset;\"><span aria-hidden=\"true\" class=\"wp-block-cover__background has-black-background-color has-background-dim-40 has-background-dim\"><\/span><div class=\"wp-block-cover__image-background wp-image-365 has-parallax is-repeated\" style=\"background-position:50% 50%;background-image:url(https:\/\/cineyaudiovisual.unam.edu.ar\/wp-content\/uploads\/2023\/06\/SALA-DE-CINE-IGUAZU.jpg)\"><\/div><div class=\"wp-block-cover__inner-container is-layout-flow wp-block-cover-is-layout-flow\">\n<h3 class=\"wp-block-heading has-text-align-center has-white-color has-text-color\" style=\"font-size:clamp(16.834px, 1.052rem + ((1vw - 3.2px) * 0.955), 26px);letter-spacing:1px;text-transform:uppercase\"><strong>Cine club de la universidad nacional de misiones<\/strong><\/h3>\n\n\n\n<p>El Cine Club UNaM es una parte integral de nuestra comunidad universitaria, este club nace con la firme convicci\u00f3n de promover la apreciaci\u00f3n del s\u00e9ptimo arte y fomentar el intercambio cultural entre estudiantes, profesores y la comunidad en general.<\/p>\n\n\n\n<p>El cine es una poderosa herramienta de expresi\u00f3n art\u00edstica y una ventana al mundo. A trav\u00e9s de las historias que se narran en la pantalla grande, podemos explorar diferentes realidades, culturas y perspectivas, enriqueciendo as\u00ed nuestro entendimiento del mundo que nos rodea. Es por ello que el Cine Club UNaM se propone como un espacio inclusivo y diverso, donde cada pel\u00edcula proyectada sea una oportunidad para el di\u00e1logo y la reflexi\u00f3n.<\/p>\n\n\n\n<p>Nuestro programa abarcar\u00e1 una amplia variedad de g\u00e9neros y estilos cinematogr\u00e1ficos, desde cl\u00e1sicos del cine mundial hasta producciones contempor\u00e1neas. Queremos ofrecer una experiencia cinematogr\u00e1fica enriquecedora, que inspire, emocione y despierte la curiosidad del p\u00fablico.<\/p>\n\n\n\n<p>Adem\u00e1s de las proyecciones regulares, el Cine Club UNaM organizar\u00e1 eventos especiales, como charlas con directores, ciclos tem\u00e1ticos y festivales de cine, con el objetivo de profundizar en el an\u00e1lisis y la comprensi\u00f3n del arte cinematogr\u00e1fico.<\/p>\n\n\n\n<p>Invitamos a todos los estudiantes, docentes y miembros de la comunidad universitaria a unirse a nosotros en este apasionante viaje a trav\u00e9s del mundo del cine. \u00a1Vuestra participaci\u00f3n y entusiasmo son fundamentales para el \u00e9xito de este proyecto!<\/p>\n<\/div><\/div>\n\n\n\n<div class=\"wp-block-group alignfull has-background is-layout-flow wp-block-group-is-layout-flow\" style=\"background-color:#e5e9ec\">\n<div class=\"wp-block-columns is-layout-flex wp-container-core-columns-is-layout-28f84493 wp-block-columns-is-layout-flex\">\n<div class=\"wp-block-column is-vertically-aligned-center is-layout-flow wp-block-column-is-layout-flow\">\n<h3 class=\"wp-block-heading has-medium-font-size\" style=\"letter-spacing:1px\">Recuperaci\u00f3n y puesta en valor del patrimonio audiovisual Colectividad Rusa Ober\u00e1<\/h3>\n\n\n\n<p>En el marco del nuevo proyecto interinstitucional \u201cRecuperaci\u00f3n y puesta en valor del patrimonio audiovisual Colectividad Rusa Ober\u00e1\u201d, entre el INCAA, la UNaM, la Casa Rusa Belarusa y el IAAviM, se realiz\u00f3 en Ober\u00e1 una charla abierta acerca de la importancia de la preservaci\u00f3n y el acceso al patrimonio audiovisual, a cargo de Mariana Avramo, coordinadora de la Cinemateca Nacional del INCAA.<\/p>\n\n\n\n<p>Se realiz\u00f3 un primer reconocimiento del material, que estaba dentro de valijas diplom\u00e1ticas de las d\u00e9cadas del 80 y 90.<\/p>\n<\/div>\n\n\n\n<div class=\"wp-block-column is-layout-flow wp-block-column-is-layout-flow\">\n<div style=\"height:48px\" aria-hidden=\"true\" class=\"wp-block-spacer\"><\/div>\n\n\n\n<figure class=\"wp-block-image size-large is-resized\"><img loading=\"lazy\" decoding=\"async\" width=\"767\" height=\"1024\" src=\"https:\/\/cineyaudiovisual.unam.edu.ar\/wp-content\/uploads\/2023\/07\/latas-767x1024.jpeg\" alt=\"\" class=\"wp-image-437\" style=\"width:335px;height:448px\" srcset=\"https:\/\/cineyaudiovisual.unam.edu.ar\/wp-content\/uploads\/2023\/07\/latas-767x1024.jpeg 767w, https:\/\/cineyaudiovisual.unam.edu.ar\/wp-content\/uploads\/2023\/07\/latas-225x300.jpeg 225w, https:\/\/cineyaudiovisual.unam.edu.ar\/wp-content\/uploads\/2023\/07\/latas-768x1026.jpeg 768w, https:\/\/cineyaudiovisual.unam.edu.ar\/wp-content\/uploads\/2023\/07\/latas-1150x1536.jpeg 1150w, https:\/\/cineyaudiovisual.unam.edu.ar\/wp-content\/uploads\/2023\/07\/latas.jpeg 1198w\" sizes=\"auto, (max-width: 767px) 100vw, 767px\" \/><\/figure>\n<\/div>\n<\/div>\n<\/div>\n","protected":false},"excerpt":{"rendered":"<p>Festival Internacional de Cortometrajes: Ober\u00e1 en cortos, por la identidad y diversidad cultural Festival de cine coorganizado por la Facultad de Artes de Ober\u00e1, la Municipalidad de Ober\u00e1, el Instituto de Artes Audiovisuales de Misiones y la Universidad Nacional de Misiones. El festival mas importante de la regi\u00f3n como mas 20 a\u00f1os de historia. https:\/\/www.oberaencortos.ar\/ [&hellip;]<\/p>\n","protected":false},"author":2,"featured_media":0,"parent":0,"menu_order":0,"comment_status":"closed","ping_status":"closed","template":"","meta":{"footnotes":""},"class_list":["post-276","page","type-page","status-publish","hentry"],"_links":{"self":[{"href":"https:\/\/cineyaudiovisual.unam.edu.ar\/index.php\/wp-json\/wp\/v2\/pages\/276","targetHints":{"allow":["GET"]}}],"collection":[{"href":"https:\/\/cineyaudiovisual.unam.edu.ar\/index.php\/wp-json\/wp\/v2\/pages"}],"about":[{"href":"https:\/\/cineyaudiovisual.unam.edu.ar\/index.php\/wp-json\/wp\/v2\/types\/page"}],"author":[{"embeddable":true,"href":"https:\/\/cineyaudiovisual.unam.edu.ar\/index.php\/wp-json\/wp\/v2\/users\/2"}],"replies":[{"embeddable":true,"href":"https:\/\/cineyaudiovisual.unam.edu.ar\/index.php\/wp-json\/wp\/v2\/comments?post=276"}],"version-history":[{"count":39,"href":"https:\/\/cineyaudiovisual.unam.edu.ar\/index.php\/wp-json\/wp\/v2\/pages\/276\/revisions"}],"predecessor-version":[{"id":468,"href":"https:\/\/cineyaudiovisual.unam.edu.ar\/index.php\/wp-json\/wp\/v2\/pages\/276\/revisions\/468"}],"wp:attachment":[{"href":"https:\/\/cineyaudiovisual.unam.edu.ar\/index.php\/wp-json\/wp\/v2\/media?parent=276"}],"curies":[{"name":"wp","href":"https:\/\/api.w.org\/{rel}","templated":true}]}}